{"id":4581,"date":"2023-09-19T13:49:56","date_gmt":"2023-09-19T13:49:56","guid":{"rendered":"https:\/\/www.atctributos.com.py\/v1\/?page_id=4581"},"modified":"2023-09-19T13:56:43","modified_gmt":"2023-09-19T13:56:43","slug":"atc","status":"publish","type":"page","link":"https:\/\/www.atctributos.com.py\/v1\/?page_id=4581","title":{"rendered":"ATC"},"content":{"rendered":"<p><strong>ATC \u2013 AUDITORES &amp; CONSULTORES TRIBUTARIOS<\/strong><\/p>\n<p>ofrece sus servicios profesionales en el \u00e1rea contable, \u00e1rea administrativa y de auditor\u00eda, los<br \/>\ncuales responden a las necesidades del contexto y de la demanda actual.<br \/>\nSomos un grupo de profesionales independientes dedicados a la<br \/>\nAuditoria, Asesor\u00eda Contable, Administrativa, Tributaria, Laboral y<br \/>\nPrevenci\u00f3n de Lavado de Activos.<\/p>\n<p>A trav\u00e9s de m\u00e1s de veinte a\u00f1os, hemos recopilado gran experiencia en el manejo de peque\u00f1as, medianas y grandes empresas. Por esta raz\u00f3n nuestro objetivo es lograr el cumplimiento de las normas legales, estatutarias y gerenciales con un excelente servicio y a un bajo costo.<\/p>\n<p><strong>Misi\u00f3n<\/strong><\/p>\n<p>Dotar a nuestros clientes de un sistema de organizaci\u00f3n empresarial que les\u00a0 permita ser m\u00e1s competitivos y por lo tanto m\u00e1s rentables, a trav\u00e9s de la prestaci\u00f3n del servicio de auditor\u00edas y consultor\u00edas\u00a0avanzadas.\u00a0Basado en un\u00a0servicio integral,\u00a0personalizado\u00a0y\u00a0permanente.<\/p>\n<p><strong>Visi\u00f3n<\/strong><\/p>\n<p>Ser el mejor equipo multidisciplinario que proporcione a sus clientes una gama de servicios que d\u00e9 resultados inmediatos de los que lo requieran.<\/p>\n<p><strong>Valores<\/strong><\/p>\n<p>&#8211; Profesionalismo<br \/>\n&#8211; Honestidad<br \/>\n&#8211; Compromiso<br \/>\n&#8211; Agilidad<br \/>\n&#8211; Resultados<br \/>\n&#8211; Elaboraci\u00f3n de Manuales de PLA y FT<br \/>\n&#8211; C\u00f3digo de \u00c9tica y Conducta<br \/>\n&#8211; Evaluaci\u00f3n de Procedimientos de Control Interno<br \/>\n&#8211; Autoevaluaci\u00f3n de Riegos de PLA y FT<br \/>\n&#8211; Implementaci\u00f3n de la Unidad de Cumplimiento \u2013 Comit\u00e9 de Cumplimiento<br \/>\n&#8211; Gesti\u00f3n para el acceso al aplicativo ROS_WEB<br \/>\n&#8211; Carga de Datos en el Sistema de Reporte de Operaciones &#8211; SIRO<br \/>\n&#8211; Elaboraci\u00f3n de Formularios para Asociados\/Clientes<br \/>\n&#8211; Asesoramiento constante al Oficial de Cumplimiento<br \/>\n&#8211; Capacitaciones a Directivos y Funcionarios<\/p>\n<p><strong>COMPROMISO CON LA CALIDAD<\/strong><br \/>\nCon el fin de garantizar la calidad del trabajo, quedamos expresamente<br \/>\ncomprometidos a utilizar toda pericia y experiencia profesional para el<br \/>\ncumplimiento de nuestras funciones. La calidad y competitividad de<br \/>\nnuestros servicios se basa en la formaci\u00f3n de nuestro equipo de trabajo.<\/p>\n","protected":false},"excerpt":{"rendered":"<p>ATC \u2013 AUDITORES &amp; CONSULTORES TRIBUTARIOS ofrece sus servicios profesionales en el \u00e1rea contable, \u00e1rea administrativa y de auditor\u00eda, los cuales responden a las necesidades del contexto y de la demanda actual. Somos un grupo de profesionales independientes dedicados a la Auditoria, Asesor\u00eda Contable, Administrativa, Tributaria, Laboral y Prevenci\u00f3n de Lavado de Activos. A trav\u00e9s [&hellip;]<\/p>\n","protected":false},"author":1,"featured_media":0,"parent":0,"menu_order":0,"comment_status":"closed","ping_status":"closed","template":"","meta":{"footnotes":""},"_links":{"self":[{"href":"https:\/\/www.atctributos.com.py\/v1\/index.php?rest_route=\/wp\/v2\/pages\/4581"}],"collection":[{"href":"https:\/\/www.atctributos.com.py\/v1\/index.php?rest_route=\/wp\/v2\/pages"}],"about":[{"href":"https:\/\/www.atctributos.com.py\/v1\/index.php?rest_route=\/wp\/v2\/types\/page"}],"author":[{"embeddable":true,"href":"https:\/\/www.atctributos.com.py\/v1\/index.php?rest_route=\/wp\/v2\/users\/1"}],"replies":[{"embeddable":true,"href":"https:\/\/www.atctributos.com.py\/v1\/index.php?rest_route=%2Fwp%2Fv2%2Fcomments&post=4581"}],"version-history":[{"count":3,"href":"https:\/\/www.atctributos.com.py\/v1\/index.php?rest_route=\/wp\/v2\/pages\/4581\/revisions"}],"predecessor-version":[{"id":4584,"href":"https:\/\/www.atctributos.com.py\/v1\/index.php?rest_route=\/wp\/v2\/pages\/4581\/revisions\/4584"}],"wp:attachment":[{"href":"https:\/\/www.atctributos.com.py\/v1\/index.php?rest_route=%2Fwp%2Fv2%2Fmedia&parent=4581"}],"curies":[{"name":"wp","href":"https:\/\/api.w.org\/{rel}","templated":true}]}}