{"id":4587,"date":"2023-09-19T14:08:24","date_gmt":"2023-09-19T14:08:24","guid":{"rendered":"https:\/\/www.atctributos.com.py\/v1\/?page_id=4587"},"modified":"2025-01-31T01:17:15","modified_gmt":"2025-01-31T01:17:15","slug":"staff","status":"publish","type":"page","link":"https:\/\/www.atctributos.com.py\/v1\/?page_id=4587","title":{"rendered":"staff"},"content":{"rendered":"<p><strong>Lic. Diego Achar Ch\u00e1vez \u2013 Auditor <\/strong><strong>Gerente<\/strong><br \/>\nContador P\u00fablico egresado de la Universidad Nacional de Asunci\u00f3n (UNA) \u2013 \u201cFacultad de Ciencias Econ\u00f3micas\u201d<br \/>\nPostgrado en Auditoria Impositiva \u2013 Universidad Nacional de Asunci\u00f3n (UNA) \u2013 \u201cFacultad de Ciencias Econ\u00f3micas\u201d<br \/>\nDiplomado en Prevenci\u00f3n de Lavado de Activos y Financiamiento del Terrorismo y de la proliferaci\u00f3n de Armas de Destrucci\u00f3n Masiva y<br \/>\nAuditoria de Cumplimiento \u2013 Instituto Superior de Formaci\u00f3n Tributaria, Comercial y Administrativa (FOTRIEM)<br \/>\nDocente Universitario en C\u00e1tedras referente a Tributaci\u00f3n, Auditoria y Contabilidad.<br \/>\nRegistro de Auditor Externo Impositivo SET N\u00ba 195\/2020<br \/>\nRegistro de Auditor Externo en PLA y FT SEPRELAD N\u00ba 181\/2021<br \/>\nRegistro de Auditor Externo categor\u00eda 1 N\u00ba 129\/2017 INCOOP<br \/>\ndiegoachar@atctributos.com.py<\/p>\n<p><strong>Julia Andrea Franco \u2013 Contadora<\/strong><br \/>\nContadora P\u00fablica egresada de la Universidad Nacional de Asunci\u00f3n (UNA) \u2013 \u201cFacultad de Ciencias Econ\u00f3micas\u201d<br \/>\nPostgrado en Auditoria Impositiva \u2013 Universidad Nacional de Asunci\u00f3n (UNA) \u2013 \u201cFacultad de Ciencias Econ\u00f3micas\u201d<br \/>\nCurso Taller de Auditoria Impositiva Externa \u2013 Colegio de Contadores del Paraguay<br \/>\nSeminario de Impuesto A la Renta Personal \u00a0\u2013 \u00a0Ministerio de Hacienda<br \/>\nDiplomado en Derecho Laboral \u2013 Instituto T\u00e9cnico Superior<br \/>\n\u201cOrganizaci\u00f3n Especializada en Capacitaci\u00f3n&amp;quot; &#8211; O.E.C.<br \/>\njuliafranco@atctributos.com.py<\/p>\n<p><strong>V\u00edctor Achar Ch\u00e1vez \u2013 Asesor\u00eda<\/strong><br \/>\njur\u00eddica y Capacitaci\u00f3n Tributaria<br \/>\nLicenciado en Ciencias Contables Egresado de la Universidad Cat\u00f3lica \u201cNuestra Se\u00f1ora de la Asunci\u00f3n\u201d \u2013 UCA<br \/>\nAbogado Egresado de la Facultad de Derecho y Ciencias Sociales de la Universidad Nacional de Asunci\u00f3n \u2013 UNA<br \/>\nCurso de Postgrado en Especializaci\u00f3n Tributaria en el Centro de Estudios Fiscales del Paraguay<br \/>\nCurso de Postgrado en\u00a0\u00a0Maestr\u00eda en Tributaci\u00f3n y Asesoramiento Impositivo \u2013 Instituto Superior de Formaci\u00f3n Tributaria y Empresarial \u2013 (FOTRIEM)<br \/>\nCurso de Postgrado en Did\u00e1ctica Universitaria en la UPAP<br \/>\nProfesor Titular en el Instituto Superior en Formaci\u00f3n Tributaria y Empresarial FOTRIEM de la Abg. NORA RUOTI<br \/>\nDocente Titular de la firma Taller de Formaci\u00f3n Especializada en Contabilidad y Tributaci\u00f3n TAFECyT<br \/>\nDocente y escritor de Libros y Revistas de inter\u00e9s Tributario en el instituto FOTRIEM y en la Editora ADIS Especialistas en Tributaci\u00f3n.<br \/>\nInstructor Oficial de la Subsecretar\u00eda de Estado de Tributaci\u00f3n SET,nombrado por resoluciones viceministeriales.<br \/>\nPanelista en programas de Radio y de Televisi\u00f3n como \u201cEducaci\u00f3n Tributaria Paso a Paso\u201d de la Abg. NORA RUOTI.<br \/>\nvictorachar@tributos.com.py<\/p>\n<p><strong>Amada Meza \u2013 Contadora<\/strong><br \/>\nContadora P\u00fablica egresada de la Universidad Aut\u00f3noma deAsunci\u00f3n (UAA) \u2013 Facultad de Ciencias Contables y Administrativas.<br \/>\nPostgrado en Maestr\u00eda en Tributaci\u00f3n y Asesoramiento Impositivo \u2013 Instituto Superior de Formaci\u00f3n Tributaria y Empresarial \u2013 (FOTRIEM)<br \/>\namadameza@atctributos.com.py<\/p>\n<p><strong> Fanny Achar Ch\u00e1vez \u2013 Asesora Legal<\/strong><br \/>\nAbogada egresada de la Facultad de Derecho y Ciencias Sociales de la Universidad Nacional de Asunci\u00f3n (UNA).<br \/>\nNotaria y Escribana Publica egresada de la Facultad de Derecho y Ciencias Sociales de la Universidad Nacional de Asunci\u00f3n (UNA)<br \/>\nEgresada de la Escuela Judicial del Consejo de la Magistratura Master en Ciencias Jur\u00eddicas egresada de la Faculta de Ciencias<br \/>\nJur\u00eddicas y Diplom\u00e1ticas de la Universidad Cat\u00f3lica Nuestra Se\u00f1ora de la Asunci\u00f3n (UCA)<br \/>\nEspecialista en tramites Administrativos y Juicios Contenciosos<br \/>\nAdministrativos y Acciones de Inconstitucionalidad contra el Ministerio de Hacienda<br \/>\njuridico@atctributos.com.py<\/p>\n<p><strong>Nury Achar Ch\u00e1vez \u2013 Auditora S\u00e9nior<\/strong><br \/>\nContadora Publica egresada de la Universidad Nacional de Asunci\u00f3n (UNA) \u2013 \u201cFacultad de Ciencias Econ\u00f3micas\u201d<br \/>\nPost grado en Auditoria Impositiva \u2013 Universidad Nacional de Asunci\u00f3n (UNA) \u2013 \u201cFacultad de Ciencias Econ\u00f3micas\u201d<br \/>\nPostgrado en Actualizaci\u00f3n en Gesti\u00f3n Tributaria \u2013 Universidad Nacional de Asunci\u00f3n (UNA) \u2013 \u201cFacultad de Ciencias Econ\u00f3micas\u201d<br \/>\nPostgrado de Capacitaci\u00f3n de Did\u00e1ctica Universitaria \u2013 Universidad Nacional de Asunci\u00f3n\u2013 (UNA) \u201cFacultad de Ciencias Econ\u00f3micas\u201d<br \/>\nPostgrado en Especializaci\u00f3n en Gesti\u00f3n Tributaria \u2013 Universidad Nacional de Asunci\u00f3n (UNA) \u2013 \u201cFacultad de Ciencias Econ\u00f3micas\u201d<br \/>\nnuryachar@atctributos.com.py<\/p>\n<p><strong>C\u00e9sar Rodrigo S\u00e1nchez \u2013 Auditor<\/strong><br \/>\nAuditor Prevenci\u00f3n de Lavado de Activos y Financiamiento del Terrorismo PLA\/FT<br \/>\nConsultor &#8211; Asesor M\u00e1ster en Administraci\u00f3n de Cooperativas<br \/>\n&#8211; Planificaci\u00f3n Estrat\u00e9gica<br \/>\n&#8211; Sistema de Control Interno &#8211; SCI<br \/>\n&#8211; Manuales O&amp;M<br \/>\nprevencion@atctributos.com.py<\/p>\n<p><strong>Richard Udrizar Vigo \u2013 Auditor Junior<\/strong><br \/>\nLicenciado en Ciencias Contables egresado de la Universidad Cat\u00f3lica de Asunci\u00f3n (UCA) \u2013 Facultad de Ciencias Contables y Administrativas<br \/>\nOtros Estudios<br \/>\n\u2013 Curso de Contabilidad General y Administraci\u00f3n Bancaria<br \/>\n\u2013 Curso de Pericia Caligr\u00e1fica<br \/>\n\u2013 Curso de Calidad Total<br \/>\nProceso de soluci\u00f3n de problemas.<br \/>\nProceso de mejoramiento de la calidad.<br \/>\nProceso de comunicaci\u00f3n y las habilidades de interacci\u00f3n.<br \/>\n\u2013 Seminarios de Direcci\u00f3n Eficaz Humanizada.<br \/>\nDirecci\u00f3n Estrat\u00e9gica.<br \/>\nDeterminaci\u00f3n de Objetivos y Visi\u00f3n Empresarial Financiera.<br \/>\nT\u00e9cnicas de Ventas y el Arte de Negociar.<br \/>\n\u2013 Programa de mejoramiento de la producci\u00f3n PMP.<br \/>\n\u2013 Curso de Instrucci\u00f3n de Operaciones en Fideicomiso.<br \/>\n\u2013 Curso de An\u00e1lisis de Estados Financieros.<br \/>\nrichardudrizar@atctributos.com.py<\/p>\n<p><strong>Tania Avalos \u2013 Auxiliar Contable<\/strong><br \/>\nBachiller T\u00e9cnico en Contabilidad egresada del Colegio Nacional E.M.D. Pdte. Franco<br \/>\nEstudiante de la Carrera Contadur\u00eda P\u00fablica \u2013 Universidad Aut\u00f3noma de Asunci\u00f3n (UAA) \u2013 Facultad de Ciencias Econ\u00f3micas y Empresariales<br \/>\ntaniaavalos@atctributos.com.py<\/p>\n<p><strong>Antonella Rodr\u00edguez \u2013 Auxiliar Contable<\/strong><br \/>\nBachiller T\u00e9cnico en Contabilidad egresada de la Escuela Nacional de Comercio N\u00ba 1<br \/>\nEstudiante de la Carrera de Criminalistica \u2013 Universidad del Sol &#8211; Facultad de Ciencias Humanas y Sociales<br \/>\ncontabilidad@atctributos.com.py<\/p>\n<p><strong>Santiago Achar \u2013 Auxiliar Administrativo<\/strong><br \/>\nBachiller T\u00e9cnico egresado del Colegio Sagrado Coraz\u00f3n de Jes\u00fas &#8211; Salesianito<br \/>\nEstudiante de la Carrera de An\u00e1lisis de Sistemas \u2013 Universidad Cat\u00f3lica Ntra. Sra. de la Asunci\u00f3n (UCA) &#8211; Facultad de Ciencias y Tecnolog\u00eda \u2013 Asunci\u00f3n<br \/>\ncontabilidad@atctributos.com.py<\/p>\n","protected":false},"excerpt":{"rendered":"<p>Lic. Diego Achar Ch\u00e1vez \u2013 Auditor Gerente Contador P\u00fablico egresado de la Universidad Nacional de Asunci\u00f3n (UNA) \u2013 \u201cFacultad de Ciencias Econ\u00f3micas\u201d Postgrado en Auditoria Impositiva \u2013 Universidad Nacional de Asunci\u00f3n (UNA) \u2013 \u201cFacultad de Ciencias Econ\u00f3micas\u201d Diplomado en Prevenci\u00f3n de Lavado de Activos y Financiamiento del Terrorismo y de la proliferaci\u00f3n de Armas de [&hellip;]<\/p>\n","protected":false},"author":1,"featured_media":0,"parent":0,"menu_order":0,"comment_status":"closed","ping_status":"closed","template":"","meta":{"footnotes":""},"_links":{"self":[{"href":"https:\/\/www.atctributos.com.py\/v1\/index.php?rest_route=\/wp\/v2\/pages\/4587"}],"collection":[{"href":"https:\/\/www.atctributos.com.py\/v1\/index.php?rest_route=\/wp\/v2\/pages"}],"about":[{"href":"https:\/\/www.atctributos.com.py\/v1\/index.php?rest_route=\/wp\/v2\/types\/page"}],"author":[{"embeddable":true,"href":"https:\/\/www.atctributos.com.py\/v1\/index.php?rest_route=\/wp\/v2\/users\/1"}],"replies":[{"embeddable":true,"href":"https:\/\/www.atctributos.com.py\/v1\/index.php?rest_route=%2Fwp%2Fv2%2Fcomments&post=4587"}],"version-history":[{"count":2,"href":"https:\/\/www.atctributos.com.py\/v1\/index.php?rest_route=\/wp\/v2\/pages\/4587\/revisions"}],"predecessor-version":[{"id":5020,"href":"https:\/\/www.atctributos.com.py\/v1\/index.php?rest_route=\/wp\/v2\/pages\/4587\/revisions\/5020"}],"wp:attachment":[{"href":"https:\/\/www.atctributos.com.py\/v1\/index.php?rest_route=%2Fwp%2Fv2%2Fmedia&parent=4587"}],"curies":[{"name":"wp","href":"https:\/\/api.w.org\/{rel}","templated":true}]}}